Is 248 a factor of 55153?
False
Does 16 divide 1437104?
True
Is 45686 a multiple of 106?
True
Is 579 a factor of 286605?
True
Is 386 a factor of 140504?
True
Does 262 divide 5100509?
False
Does 28 divide 640849?
False
Is 8 a factor of 169165?
False
Is 15 a factor of 586676?
False
Is 32121 a multiple of 2?
False
Is 111 a factor of 2490944?
False
Is 657420 a multiple of 15?
True
Is 354 a factor of 3535398?
True
Does 568 divide 4023712?
True
Is 3 a factor of 29208?
True
Does 12 divide 5339100?
True
Is 94 a factor of 168518?
False
Is 53 a factor of 242994?
False
Does 12 divide 5517544?
False
Is 10540747 a multiple of 483?
False
Is 131100 a multiple of 190?
True
Does 64 divide 398592?
True
Is 1993500 a multiple of 972?
False
Is 1569992 a multiple of 2?
True
Does 1527 divide 3302315?
False
Is 73 a factor of 12622258?
False
Is 19 a factor of 641516?
True
Is 13566428 a multiple of 8?
False
Does 8 divide 72160?
True
Is 4501923 a multiple of 41?
True
Does 14 divide 82728?
False
Is 10 a factor of 539890?
True
Is 14324520 a multiple of 56?
True
Does 149 divide 354769?
True
Is 103980 a multiple of 616?
False
Is 689062 a multiple of 22?
True
Does 6 divide 1787429?
False
Is 485 a factor of 232875?
False
Does 35 divide 1049501?
False
Is 1414098 a multiple of 54?
True
Is 21 a factor of 46694?
False
Does 9 divide 7902?
True
Is 11 a factor of 2287384?
True
Is 4 a factor of 24185?
False
Does 543 divide 186792?
True
Is 4 a factor of 91386?
False
Does 100 divide 8349400?
True
Is 62411 a multiple of 26?
False
Does 626 divide 278570?
True
Is 3 a factor of 89721?
True
Is 15200493 a multiple of 23?
True
Is 306575 a multiple of 133?
False
Is 377580 a multiple of 58?
True
Is 48 a factor of 3958704?
True
Does 6 divide 303466?
False
Is 16415676 a multiple of 54?
True
Does 163 divide 2967252?
True
Does 698 divide 1319220?
True
Is 4 a factor of 129133?
False
Is 55738 a multiple of 4?
False
Does 110 divide 175560?
True
Is 47 a factor of 68808?
True
Does 335 divide 22110?
True
Does 12 divide 684804?
True
Is 336 a factor of 9868992?
True
Does 38 divide 6212126?
True
Does 1265 divide 7058639?
False
Is 503 a factor of 1145783?
False
Is 701588 a multiple of 86?
True
Is 10 a factor of 3789857?
False
Is 1226326 a multiple of 14?
False
Does 104 divide 44200?
True
Does 39 divide 142831?
False
Does 139 divide 49206?
True
Does 17 divide 460039?
False
Is 8 a factor of 843576?
True
Is 7 a factor of 10592463?
True
Is 55847 a multiple of 11?
True
Is 17 a factor of 2589747?
False
Is 343815 a multiple of 104?
False
Is 335900 a multiple of 25?
True
Is 497 a factor of 427413?
False
Is 330308 even?
True
Is 106 a factor of 159954?
True
Is 751665 a multiple of 9?
False
Is 10 a factor of 36800?
True
Is 275842 a multiple of 38?
True
Is 224 a factor of 12320?
True
Is 14196 a multiple of 273?
True
Does 121 divide 302393?
False
Does 18 divide 4449060?
True
Does 10 divide 14532?
False
Does 60 divide 168360?
True
Is 2 a factor of 781898?
True
Is 119 a factor of 157913?
True
Does 39 divide 12137853?
True
Does 108 divide 109556?
False
Does 244 divide 1726300?
True
Does 494 divide 84968?
True
Is 10 a factor of 2395326?
False
Is 726233 a multiple of 2?
False
Is 231665 a multiple of 133?
False
Does 66 divide 16326?
False
Does 1110 divide 747030?
True
Does 31 divide 4397704?
False
Is 51262 a multiple of 176?
False
Is 70 a factor of 161420?
True
Does 142 divide 92367?
False
Does 12 divide 165454?
False
Does 98 divide 538864?
False
Is 271 a factor of 3191699?
False
Is 51909 a multiple of 24?
False
Does 631 divide 16258742?
False
Is 934127 a multiple of 13?
False
Does 28 divide 1477139?
False
Is 3 a factor of 64633?
False
Is 18 a factor of 655251?
False
Is 489 a factor of 17059743?
True
Is 30 a factor of 393000?
True
Is 68 a factor of 418472?
True
Is 292 a factor of 1250052?
True
Does 3 divide 70657?
False
Does 205 divide 10738097?
False
Does 50 divide 5709070?
False
Is 362895 a multiple of 39?
True
Is 31 a factor of 205628?
False
Is 7125 a multiple of 3?
True
Is 777 a factor of 796263?
False
Is 653565 a multiple of 255?
True
Is 396 a multiple of 23?
False
Is 58 a factor of 629706?
True
Does 25 divide 10425?
True
Is 125 a factor of 641750?
True
Is 31 a factor of 27926?
False
Is 128 a factor of 94976?
True
Is 28 a factor of 5187171?
False
Is 40 a factor of 374555?
False
Is 78 a factor of 5251194?
True
Is 1227904 a multiple of 128?
True
Is 6 a factor of 9999?
False
Is 378 a factor of 2370742?
False
Does 257 divide 156256?
True
Does 29 divide 773958?
False
Is 88 a factor of 347818?
False
Does 64 divide 35915?
False
Is 511598 a multiple of 34?
True
Is 140 a factor of 11480?
True
Does 9 divide 83134?
False
Is 79 a factor of 174806?
False
Does 22 divide 10929038?
False
Does 204 divide 105060?
True
Is 1234512 a multiple of 24?
True
Does 9 divide 294021?
True
Does 309 divide 8985919?
False
Is 2484159 a multiple of 3?
True
Is 467 a factor of 4804963?
True
Is 1953363 a multiple of 274?
False
Is 21068768 a multiple of 14?
True
Does 234 divide 3441090?
False
Is 25515715 a multiple of 411?
False
Is 53 a factor of 3285195?
False
Is 1116526 a multiple of 9?
False
Is 7259757 a multiple of 146?
False
Does 48 divide 100230?
False
Does 58 divide 391384?
True
Does 51 divide 7414?
False
Does 469 divide 585781?
True
Is 6800152 a multiple of 116?
True
Is 2683940 a multiple of 38?
True
Is 125 a factor of 2673264?
False
Is 131144 a multiple of 6?
False
Is 62 a factor of 92752?
True
Does 4 divide 1354524?
True
Is 4728739 a multiple of 361?
True
Does 16 divide 277670?
False
Is 89320 a multiple of 5?
True
Is 179827 a multiple of 63?
False
Does 33 divide 7591?
False
Is 144 a factor of 117163?
False
Is 448 a factor of 109312?
True
Does 11 divide 9815817?
True
Does 8 divide 2612424?
True
Does 1439 divide 12280426?
True
Is 2756531 a multiple of 176?
False
Is 11 a factor of 1276264?
True
Is 11 a factor of 490215?
True
Is 3649233 a multiple of 12?
False
Is 740990 a multiple of 24?
False
Is 11167340 a multiple of 148?
True
Does 126 divide 242816?
False
Does 2 divide 2789?
False
Is 51326 a multiple of 25?
False
Is 2957376 a multiple of 438?
True
Does 144 divide 2037600?
True
Is 24684355 a multiple of 39?
False
Does 62 divide 449128?
True
Is 213507 a multiple of 20?
False
Is 157473 a multiple of 16?
False
Does 2 divide 156322?
True
Is 63 a factor of 9467236?
False
Does 44 divide 938480?
False
Is 193 a factor of 44583?
True
Is 283832 a multiple of 180?
False
Is 14 a factor of 192416?
True
Is 246 a factor of 1370542?
False
Is 2422 a factor of 3485258?
True
Is 258 a factor of 2189130?
True
Is 315 a factor of 2349270?
True
Is 8 a factor of 273155?
False
Is 4194 a multiple of 18?
True
Does 221 divide 117130?
True
Is 18 a factor of 265027?
False
Is 106 a factor of 10164?
False
Does 17 divide 7310?
True
Does 128 divide 222976?
True
Does 4 divide 4070500?
True
Is 206282 a multiple of 749?
False
Does 287 divide 77777?
True
Is 87174 a multiple of 261?
True
Does 4 divide 212440?
True
Is 22 a factor of 1302906?
True
Does 38 divide 213104?
True
Does 230 divide 5950330?
True
Does 522 divide 1178019?
False
Is 5789 a multiple of 2?
False
Does 41 divide 3426903?
True
Is 139887 a multiple of 84?
False
Is 1013839 a multiple of 8?
False
Is 24 a factor of 163344?
True
Is 24651 a multiple of 33?
True
Is 4 a factor of 294646?
False
Is 3399136 a multiple of 32?
True
Is 81141 a multiple of 111?
True
Is 8608780 a multiple of 239?
True
Does 146 divide 227608?
False
Does 1147 divide 437481?
False
Is 12 a factor of 12118597?
False
Does 8 divide 325047?
False
Does 34 divide 114098?
False
Is 47840 a multiple of 4?
True
Is 41009 a multiple of 149?
False
Is 379625 a multiple of 172?
False
Does 8 divide 120480?
True
Is 6 a factor of 357210?
True
Is 498624 a multiple of 212?
True
Does 1005 divide 627120?
True
Does 284 divide 26081140?
True
Is 35 a factor of 64854?
False
Is 128214 a multiple of 102?
True
Does 20 divide 68978?
False
Is 66 a factor of 868428?
True
Is 120 a factor of 7208799?
False
Is 5393568 a multiple of 12?
True
Does 22 divide 31679?
False
Is 469534 a multiple of 17?
False
Is 342738 a multiple of 66?
True
Is 538458 a multiple of 4?
False
Is 8158888 a multiple of 669?
False
Is 19 a factor of 77254?
True
Does 39 divide 6084975?
True
Is 1432821 a multiple of 58?
Fal